{"id":15,"date":"2014-12-25T20:33:35","date_gmt":"2014-12-25T20:33:35","guid":{"rendered":"http:\/\/denniskopp.de\/?page_id=15"},"modified":"2024-09-29T15:13:02","modified_gmt":"2024-09-29T15:13:02","slug":"ueber-mich","status":"publish","type":"page","link":"https:\/\/denniskopp.de\/?page_id=15","title":{"rendered":"\u00dcber mich"},"content":{"rendered":"<p>Ich bin ein Mann mit Prinzipien, die ich auch in der Zusammenarbeit und im Umgang mit meinen Kunden pflege. Durch meine Leidenschaft f\u00fcr Training und Projektmanagement konnte ich schon viele interessante Aufgaben \u00fcbernehmen und biete Ihnen einen umfassenden Schatz an Erfahrungen.<\/p>\n<\/p>\n<p><strong>Prinzipien<\/strong><\/p>\n<p><strong>Gemeinsam:<\/strong> Sie kennen Ihr Unternehmen, die Herausforderungen und die fachlichen Spezifika. Ich als Berater bringe L\u00f6sungsans\u00e4tze und Methoden f\u00fcr Ihr Anliegen mit. Gemeinsam werden wir erfolgreich sein.<\/p>\n<p><strong>Wirksamkeit:<\/strong> Eine L\u00f6sung muss nicht nett verpackt sein, sie muss nicht gl\u00e4nzen, aber sie muss wirksam sein. Das Ziel soll mit m\u00f6glichst einfachen Mitteln zu erreichen sein.<\/p>\n<p><strong>Nachhaltigkeit<\/strong>: Ich bin auch nach getaner Arbeit f\u00fcr meine Kunden da. Ob Sie ein Kursteilnehmer sind, dem eine neue Frage eingefallen ist oder ob Sie als Unternehmer das Passwort f\u00fcr Ihr Berichtstemplate vergessen haben. Ich bin da.<\/p>\n<p><strong>Ehrlichkeit:<\/strong> Wenn Zielvorstellungen unrealistisch sind, kommuniziere ich dies und suche mit Ihnen nach Alternativen. Ich baue feste Fundamente, keine Luftschl\u00f6sser.<\/p>\n<p><strong>Vertrauen und R\u00fcckhalt:<\/strong> Ich ben\u00f6tige Ihr Vertrauen und den n\u00f6tigen R\u00fcckhalt, um f\u00fcr Sie arbeiten zu k\u00f6nnen. Wenn wir die Ziele und L\u00f6sungsans\u00e4tze festgelegt haben, muss es losgehen. Ihr Vertrauen und das Ihrer Mitarbeiter ist bei mir in besten H\u00e4nden.<\/p>\n<\/p>\n<p><strong>Erfahrung<\/strong><\/p>\n<p><strong>Projektmanagement:<\/strong> Insgesamt 20 Jahre T\u00e4tigkeit in Projekten \u2013 von der \u00dcbernahme spezieller Teilgebiete, wie des Projektmarketings in einem Change-Projekt, bis zur Projektleitung in gro\u00dfen R\u00fcstungsprojekten und -programmen. F\u00fcnf Jahre im Portfoliomanagement, z. B. im Bereich Forschung und Entwicklung f\u00fcr das Bundesministerium der Verteidigung. \u00dcbernahme von Projektrollen und als Interimsprojektleiter, z. B. im Bereich Automotive.<\/p>\n<p><strong>Organisationsentwicklung:<\/strong> Begleitung gro\u00dfer Organisationsprojekte, z. B. f\u00fcr Energiedienstleister bei der Neueinf\u00fchrung eines Projektmanagementsystems oder der Umstrukturierung der Programmlandschaft f\u00fcr ein Pharmaunternehmen.<\/p>\n<p><strong>Personalmanagement:<\/strong> Entwicklung von Karrierepfadmodellen, Qualifikationsrichtlinien und Ausbildungskurrikula f\u00fcr Projektpersonal, z. B. im Bereich Automotive, Telekommunikation und Energie.<\/p>\n<p><strong>Training:<\/strong> \u00dcber zehn Jahre Erfahrung als Trainer in den Bereichen Projektmanagement, Soft Skills und Train the Trainer in verschiedenen Industrien und der \u00f6ffentlichen Verwaltung.<\/p>\n<p><strong>Coaching: <\/strong>\u00dcber acht Jahre Erfahrung in Einzel- und Gruppencoachings in allen Hierarchiestufen und \u00fcber verschiedene Branchen hinweg.<\/p>\n<p><strong>Branchen:<\/strong> Automotive, Telekommunikation, IT, Energie, \u00f6ffentliche Verwaltung, R\u00fcstung, Start Ups<\/p>\n<\/p>\n<p><strong>Abschl\u00fcsse<\/strong><\/p>\n\n\n<ul class=\"wp-block-list\">\n<li><a href=\"https:\/\/www.berlin-professional-school.de\/mba-mpa\/private-management\/berlin-full-time-mba\/\">MBA<\/a><\/li>\n\n\n\n<li><a href=\"https:\/\/www.hsu-hh.de\/studium\">Diplom P\u00e4dagoge<\/a><\/li>\n\n\n\n<li><a href=\"https:\/\/www.pmi.org\/certifications\/project-management-pmp\">PMI PMP<\/a><\/li>\n\n\n\n<li><a href=\"https:\/\/www.gpm-ipma.de\/weiterbildung-mit-zertifikat\/projektmanagement\/ipma-level-b\">IPMA Level B<\/a><\/li>\n\n\n\n<li><a href=\"https:\/\/www.axelos.com\/certifications\/prince2\">PRINCE2 Practitioner<\/a><\/li>\n\n\n\n<li><a href=\"https:\/\/www.scrum.org\/Assessments\/Professional-Scrum-Master-Assessments\">Professional Scrum Master<\/a><\/li>\n<\/ul>\n\n\n<\/p>\n<p><strong>Ver\u00f6ffentlichungen<\/strong><\/p>\n\n\n<ul class=\"wp-block-list\">\n<li><a href=\"https:\/\/neustarter.com\/magazine\/agil-oder-nicht-agil-das-ist-hier-die-frage\">Artikel: Agil oder nicht agil, das ist hier die Frage<\/a><\/li>\n\n\n\n<li><a href=\"https:\/\/www.westermann.de\/landing\/659-1pjx9o4j57beu1eb\/2201\">Artikel: Bereit f\u00fcr Agil 4.0<\/a><\/li>\n\n\n\n<li><a href=\"https:\/\/www.westermann.de\/artikel\/978-3-14-221357-6\/Industrie-4-0-Agiles-Arbeiten-Projektmanagement\">Buch: Agiles Arbeiten in der Indrustrie 4.0<\/a><\/li>\n<\/ul>\n\n\n<\/p>\n<p>Zur\u00fcck zur <a href=\"http:\/\/www.denniskopp.de\">Startseite<\/a><\/p>\n\n\n<p><\/p>\n","protected":false},"excerpt":{"rendered":"<p>Ich bin ein Mann mit Prinzipien, die ich auch in der Zusammenarbeit und im Umgang mit meinen Kunden pflege. Durch meine Leidenschaft f\u00fcr Training und [&#8230;]<\/p>\n","protected":false},"author":1,"featured_media":0,"parent":0,"menu_order":0,"comment_status":"closed","ping_status":"open","template":"","meta":{"footnotes":""},"class_list":["post-15","page","type-page","status-publish","hentry"],"_links":{"self":[{"href":"https:\/\/denniskopp.de\/index.php?rest_route=\/wp\/v2\/pages\/15"}],"collection":[{"href":"https:\/\/denniskopp.de\/index.php?rest_route=\/wp\/v2\/pages"}],"about":[{"href":"https:\/\/denniskopp.de\/index.php?rest_route=\/wp\/v2\/types\/page"}],"author":[{"embeddable":true,"href":"https:\/\/denniskopp.de\/index.php?rest_route=\/wp\/v2\/users\/1"}],"replies":[{"embeddable":true,"href":"https:\/\/denniskopp.de\/index.php?rest_route=%2Fwp%2Fv2%2Fcomments&post=15"}],"version-history":[{"count":27,"href":"https:\/\/denniskopp.de\/index.php?rest_route=\/wp\/v2\/pages\/15\/revisions"}],"predecessor-version":[{"id":532,"href":"https:\/\/denniskopp.de\/index.php?rest_route=\/wp\/v2\/pages\/15\/revisions\/532"}],"wp:attachment":[{"href":"https:\/\/denniskopp.de\/index.php?rest_route=%2Fwp%2Fv2%2Fmedia&parent=15"}],"curies":[{"name":"wp","href":"https:\/\/api.w.org\/{rel}","templated":true}]}}